{"id":275,"date":"2022-03-24T23:10:04","date_gmt":"2022-03-24T22:10:04","guid":{"rendered":"https:\/\/atelier-sylvainpetit.com\/?page_id=275"},"modified":"2025-06-22T22:05:36","modified_gmt":"2025-06-22T20:05:36","slug":"parcours-partenariats","status":"publish","type":"page","link":"http:\/\/atelier-sylvainpetit.com\/index.php\/parcours-partenariats\/","title":{"rendered":"P A R C O U R S"},"content":{"rendered":"\n<div class=\"wp-block-media-text alignwide is-stacked-on-mobile\" style=\"grid-template-columns:27% auto\"><figure class=\"wp-block-media-text__media\"><img decoding=\"async\" width=\"960\" height=\"641\" src=\"https:\/\/atelier-sylvainpetit.com\/wp-content\/uploads\/2023\/02\/Cevennes-1.jpeg\" alt=\"\" class=\"wp-image-363 size-full\" srcset=\"http:\/\/atelier-sylvainpetit.com\/wp-content\/uploads\/2023\/02\/Cevennes-1.jpeg 960w, http:\/\/atelier-sylvainpetit.com\/wp-content\/uploads\/2023\/02\/Cevennes-1-300x200.jpeg 300w, http:\/\/atelier-sylvainpetit.com\/wp-content\/uploads\/2023\/02\/Cevennes-1-768x513.jpeg 768w, http:\/\/atelier-sylvainpetit.com\/wp-content\/uploads\/2023\/02\/Cevennes-1-390x260.jpeg 390w, http:\/\/atelier-sylvainpetit.com\/wp-content\/uploads\/2023\/02\/Cevennes-1-520x347.jpeg 520w, http:\/\/atelier-sylvainpetit.com\/wp-content\/uploads\/2023\/02\/Cevennes-1-740x494.jpeg 740w\" sizes=\"(max-width: 960px) 100vw, 960px\" \/><\/figure><div class=\"wp-block-media-text__content\">\n<p class=\"has-text-color has-medium-font-size\" style=\"color:#6e6e6e\">Sylvain PETIT, n\u00e9 dans les montagnes C\u00e9venoles&nbsp; en 1993, grandit au milieu des arbres et se passionne tr\u00e8s vite pour la pratique instrumentale. Suite \u00e0 son baccalaur\u00e9at en Litt\u00e9rature, il se dirige en 2011 vers l\u2019\u00e9cole des m\u00e9tiers d\u2019art de Qu\u00e9bec, au Canada pour y suivre un cursus de lutherie. Premi\u00e8re rencontre avec un Ma\u00eetre du baroque, Jean Cr\u00e9peau, avec qui il collabore pour la cr\u00e9ation de luths.<\/p>\n<\/div><\/div>\n\n\n\n<hr class=\"wp-block-separator has-alpha-channel-opacity\"\/>\n\n\n\n<div class=\"wp-block-media-text alignwide has-media-on-the-right is-stacked-on-mobile\" style=\"grid-template-columns:auto 28%\"><div class=\"wp-block-media-text__content\">\n<p class=\"has-text-color has-medium-font-size\" style=\"color:#525252\">De retour en France en 2014, il travaille avec Wolfram Neureither \u00e0 Montpellier, et y apprends&nbsp; l\u2019art d\u2019une lutherie expressive et artistique. Il pose en parall\u00e8le ses valises au Vigan en C\u00e9vennes pour y exercer la fabrication, la recherche et la cr\u00e9ation tout en continuant ses collaborations. Elles s\u2019\u00e9tendent alors \u00e0 Barcelone, o\u00f9 il travaille en partenariat avec l\u2019atelier Vidal I Roca.&nbsp;<\/p>\n<\/div><figure class=\"wp-block-media-text__media\"><img decoding=\"async\" width=\"960\" height=\"640\" src=\"https:\/\/atelier-sylvainpetit.com\/wp-content\/uploads\/2023\/02\/montpellier-2157437_960_720.jpeg\" alt=\"\" class=\"wp-image-364 size-full\" srcset=\"http:\/\/atelier-sylvainpetit.com\/wp-content\/uploads\/2023\/02\/montpellier-2157437_960_720.jpeg 960w, http:\/\/atelier-sylvainpetit.com\/wp-content\/uploads\/2023\/02\/montpellier-2157437_960_720-300x200.jpeg 300w, http:\/\/atelier-sylvainpetit.com\/wp-content\/uploads\/2023\/02\/montpellier-2157437_960_720-768x512.jpeg 768w, http:\/\/atelier-sylvainpetit.com\/wp-content\/uploads\/2023\/02\/montpellier-2157437_960_720-390x260.jpeg 390w, http:\/\/atelier-sylvainpetit.com\/wp-content\/uploads\/2023\/02\/montpellier-2157437_960_720-520x347.jpeg 520w, http:\/\/atelier-sylvainpetit.com\/wp-content\/uploads\/2023\/02\/montpellier-2157437_960_720-740x493.jpeg 740w\" sizes=\"(max-width: 960px) 100vw, 960px\" \/><\/figure><\/div>\n\n\n\n<hr class=\"wp-block-separator has-alpha-channel-opacity\"\/>\n\n\n\n<div class=\"wp-block-media-text alignwide is-stacked-on-mobile\" style=\"grid-template-columns:31% auto\"><figure class=\"wp-block-media-text__media\"><img decoding=\"async\" width=\"960\" height=\"640\" src=\"https:\/\/atelier-sylvainpetit.com\/wp-content\/uploads\/2023\/02\/belgium-3626586_960_720.jpeg\" alt=\"\" class=\"wp-image-367 size-full\" srcset=\"http:\/\/atelier-sylvainpetit.com\/wp-content\/uploads\/2023\/02\/belgium-3626586_960_720.jpeg 960w, http:\/\/atelier-sylvainpetit.com\/wp-content\/uploads\/2023\/02\/belgium-3626586_960_720-300x200.jpeg 300w, http:\/\/atelier-sylvainpetit.com\/wp-content\/uploads\/2023\/02\/belgium-3626586_960_720-768x512.jpeg 768w, http:\/\/atelier-sylvainpetit.com\/wp-content\/uploads\/2023\/02\/belgium-3626586_960_720-390x260.jpeg 390w, http:\/\/atelier-sylvainpetit.com\/wp-content\/uploads\/2023\/02\/belgium-3626586_960_720-520x347.jpeg 520w, http:\/\/atelier-sylvainpetit.com\/wp-content\/uploads\/2023\/02\/belgium-3626586_960_720-740x493.jpeg 740w\" sizes=\"(max-width: 960px) 100vw, 960px\" \/><\/figure><div class=\"wp-block-media-text__content\">\n<p class=\"has-text-color has-medium-font-size\" style=\"color:#4b4949\">En 2019, l\u2019atelier prend ses quartiers dans la ville de Narbonne. Sylvain PETIT poursuit la fabrication des violons &amp; altos, et noue un partenariat avec la lutherie Bruxelloise, en Belgique. Commence alors des all\u00e9s-retours entre Narbonne et Bruxelles. Il apprend ici l\u2019efficacit\u00e9 et la rigueur, se focalisant uniquement sur la cr\u00e9ation de violoncelles. Il y apprend le savant m\u00e9lange entre expressivit\u00e9 artistique de l\u2019instrument, texture du bois et rigueur de conception m\u00e9canique.<\/p>\n<\/div><\/div>\n\n\n\n<hr class=\"wp-block-separator has-alpha-channel-opacity\"\/>\n\n\n\n<div class=\"wp-block-media-text alignwide has-media-on-the-right is-stacked-on-mobile\" style=\"grid-template-columns:auto 29%\"><div class=\"wp-block-media-text__content\">\n<p class=\"has-text-color has-medium-font-size\" style=\"color:#434343\">Pr\u00e9sentement, l\u2019atelier implant\u00e9 \u00e0 Narbonne produit des instruments&nbsp; locaux pour les musiciens internationaux et propose un \u00ab&nbsp;outil &amp; objet d\u2019art&nbsp;\u00bb \u00e0 m\u00eame de satisfaire le musicien le plus exigeant. Il se penche sur une conception et une technique de cr\u00e9ation proche \u00e0 ce qui f\u00fbt employ\u00e9 durant l\u2019\u00e2ge d\u2019or Cr\u00e9monais.<\/p>\n<\/div><figure class=\"wp-block-media-text__media\"><img decoding=\"async\" width=\"960\" height=\"640\" src=\"https:\/\/atelier-sylvainpetit.com\/wp-content\/uploads\/2023\/02\/narbonne-1522705_960_720-1.jpeg\" alt=\"\" class=\"wp-image-369 size-full\" srcset=\"http:\/\/atelier-sylvainpetit.com\/wp-content\/uploads\/2023\/02\/narbonne-1522705_960_720-1.jpeg 960w, http:\/\/atelier-sylvainpetit.com\/wp-content\/uploads\/2023\/02\/narbonne-1522705_960_720-1-300x200.jpeg 300w, http:\/\/atelier-sylvainpetit.com\/wp-content\/uploads\/2023\/02\/narbonne-1522705_960_720-1-768x512.jpeg 768w, http:\/\/atelier-sylvainpetit.com\/wp-content\/uploads\/2023\/02\/narbonne-1522705_960_720-1-390x260.jpeg 390w, http:\/\/atelier-sylvainpetit.com\/wp-content\/uploads\/2023\/02\/narbonne-1522705_960_720-1-520x347.jpeg 520w, http:\/\/atelier-sylvainpetit.com\/wp-content\/uploads\/2023\/02\/narbonne-1522705_960_720-1-740x493.jpeg 740w\" sizes=\"(max-width: 960px) 100vw, 960px\" \/><\/figure><\/div>\n\n\n\n<hr class=\"wp-block-separator has-alpha-channel-opacity\"\/>\n\n\n\n<div class=\"wp-block-media-text is-stacked-on-mobile\" style=\"grid-template-columns:27% auto\"><figure class=\"wp-block-media-text__media\"><img decoding=\"async\" width=\"1024\" height=\"666\" src=\"https:\/\/atelier-sylvainpetit.com\/wp-content\/uploads\/2025\/06\/503756754_18292482958247206_5284608518680136727_n-1-1024x666.jpg\" alt=\"\" class=\"wp-image-700 size-full\" srcset=\"http:\/\/atelier-sylvainpetit.com\/wp-content\/uploads\/2025\/06\/503756754_18292482958247206_5284608518680136727_n-1-1024x666.jpg 1024w, http:\/\/atelier-sylvainpetit.com\/wp-content\/uploads\/2025\/06\/503756754_18292482958247206_5284608518680136727_n-1-300x195.jpg 300w, http:\/\/atelier-sylvainpetit.com\/wp-content\/uploads\/2025\/06\/503756754_18292482958247206_5284608518680136727_n-1-768x500.jpg 768w, http:\/\/atelier-sylvainpetit.com\/wp-content\/uploads\/2025\/06\/503756754_18292482958247206_5284608518680136727_n-1-520x338.jpg 520w, http:\/\/atelier-sylvainpetit.com\/wp-content\/uploads\/2025\/06\/503756754_18292482958247206_5284608518680136727_n-1-740x482.jpg 740w, http:\/\/atelier-sylvainpetit.com\/wp-content\/uploads\/2025\/06\/503756754_18292482958247206_5284608518680136727_n-1.jpg 1440w\" sizes=\"(max-width: 1024px) 100vw, 1024px\" \/><\/figure><div class=\"wp-block-media-text__content\">\n<p><strong>L&#8217;atelier entame une nouvelle phase de d\u00e9veloppement : <\/strong><\/p>\n\n\n\n<p>Dans ce projet futur, il se recentrera pleinement sur la rechercher et la fabrication, au sein d&#8217;un site situ\u00e9 en plein c\u0153ur du Minervois, propice \u00e0 la cr\u00e9ation. Un espace p\u00e9dagogique y sera am\u00e9nag\u00e9 afin de permettre au public de d\u00e9couvrir le fonctionnement d&#8217;un atelier en activit\u00e9. Ce lieu accueillera \u00e9galement d&#8217;autres initiatives \u00e0 vocation culturelle, \u00e9ducatives et alternatives. <\/p>\n\n\n\n<p>Nous aurons le plaisir de vous en partager les avanc\u00e9es courant 2026 ! <\/p>\n<\/div><\/div>\n\n\n\n<p><\/p>\n","protected":false},"excerpt":{"rendered":"<p>Sylvain PETIT, n\u00e9 dans les montagnes C\u00e9venoles&nbsp; en 1993, grandit au milieu des arbres et se passionne tr\u00e8s vite pour la pratique instrumentale. Suite \u00e0 son baccalaur\u00e9at en Litt\u00e9rature, il se dirige en 2011 vers<a class=\"read-more\" href=\"http:\/\/atelier-sylvainpetit.com\/index.php\/parcours-partenariats\/\">Continue reading<\/a><\/p>\n","protected":false},"author":1,"featured_media":0,"parent":0,"menu_order":0,"comment_status":"closed","ping_status":"closed","template":"","meta":{"footnotes":""},"class_list":["post-275","page","type-page","status-publish","hentry"],"_links":{"self":[{"href":"http:\/\/atelier-sylvainpetit.com\/index.php\/wp-json\/wp\/v2\/pages\/275","targetHints":{"allow":["GET"]}}],"collection":[{"href":"http:\/\/atelier-sylvainpetit.com\/index.php\/wp-json\/wp\/v2\/pages"}],"about":[{"href":"http:\/\/atelier-sylvainpetit.com\/index.php\/wp-json\/wp\/v2\/types\/page"}],"author":[{"embeddable":true,"href":"http:\/\/atelier-sylvainpetit.com\/index.php\/wp-json\/wp\/v2\/users\/1"}],"replies":[{"embeddable":true,"href":"http:\/\/atelier-sylvainpetit.com\/index.php\/wp-json\/wp\/v2\/comments?post=275"}],"version-history":[{"count":35,"href":"http:\/\/atelier-sylvainpetit.com\/index.php\/wp-json\/wp\/v2\/pages\/275\/revisions"}],"predecessor-version":[{"id":704,"href":"http:\/\/atelier-sylvainpetit.com\/index.php\/wp-json\/wp\/v2\/pages\/275\/revisions\/704"}],"wp:attachment":[{"href":"http:\/\/atelier-sylvainpetit.com\/index.php\/wp-json\/wp\/v2\/media?parent=275"}],"curies":[{"name":"wp","href":"https:\/\/api.w.org\/{rel}","templated":true}]}}

<div class="wp-block-media-text alignwide is-stacked-on-mobile" style="grid-template-columns:27% auto"><figure class="wp-block-media-text__media"><img decoding="async" width="960" height="641" src="https://atelier-sylvainpetit.com/wp-content/uploads/2023/02/Cevennes-1.jpeg" alt="" class="wp-image-363 size-full" srcset="http://atelier-sylvainpetit.com/wp-content/uploads/2023/02/Cevennes-1.jpeg 960w, http://atelier-sylvainpetit.com/wp-content/uploads/2023/02/Cevennes-1-300x200.jpeg 300w, http://atelier-sylvainpetit.com/wp-content/uploads/2023/02/Cevennes-1-768x513.jpeg 768w, http://atelier-sylvainpetit.com/wp-content/uploads/2023/02/Cevennes-1-390x260.jpeg 390w, http://atelier-sylvainpetit.com/wp-content/uploads/2023/02/Cevennes-1-520x347.jpeg 520w, http://atelier-sylvainpetit.com/wp-content/uploads/2023/02/Cevennes-1-740x494.jpeg 740w" sizes="(max-width: 960px) 100vw, 960px" /></figure><div class="wp-block-media-text__content">
<p class="has-text-color has-medium-font-size" style="color:#6e6e6e">Sylvain PETIT, né dans les montagnes Cévenoles&nbsp; en 1993, grandit au milieu des arbres et se passionne très vite pour la pratique instrumentale. Suite à son baccalauréat en Littérature, il se dirige en 2011 vers l’école des métiers d’art de Québec, au Canada pour y suivre un cursus de lutherie. Première rencontre avec un Maître du baroque, Jean Crépeau, avec qui il collabore pour la création de luths.</p>
</div></div>



<hr class="wp-block-separator has-alpha-channel-opacity"/>



<div class="wp-block-media-text alignwide has-media-on-the-right is-stacked-on-mobile" style="grid-template-columns:auto 28%"><div class="wp-block-media-text__content">
<p class="has-text-color has-medium-font-size" style="color:#525252">De retour en France en 2014, il travaille avec Wolfram Neureither à Montpellier, et y apprends&nbsp; l’art d’une lutherie expressive et artistique. Il pose en parallèle ses valises au Vigan en Cévennes pour y exercer la fabrication, la recherche et la création tout en continuant ses collaborations. Elles s’étendent alors à Barcelone, où il travaille en partenariat avec l’atelier Vidal I Roca.&nbsp;</p>
</div><figure class="wp-block-media-text__media"><img decoding="async" width="960" height="640" src="https://atelier-sylvainpetit.com/wp-content/uploads/2023/02/montpellier-2157437_960_720.jpeg" alt="" class="wp-image-364 size-full" srcset="http://atelier-sylvainpetit.com/wp-content/uploads/2023/02/montpellier-2157437_960_720.jpeg 960w, http://atelier-sylvainpetit.com/wp-content/uploads/2023/02/montpellier-2157437_960_720-300x200.jpeg 300w, http://atelier-sylvainpetit.com/wp-content/uploads/2023/02/montpellier-2157437_960_720-768x512.jpeg 768w, http://atelier-sylvainpetit.com/wp-content/uploads/2023/02/montpellier-2157437_960_720-390x260.jpeg 390w, http://atelier-sylvainpetit.com/wp-content/uploads/2023/02/montpellier-2157437_960_720-520x347.jpeg 520w, http://atelier-sylvainpetit.com/wp-content/uploads/2023/02/montpellier-2157437_960_720-740x493.jpeg 740w" sizes="(max-width: 960px) 100vw, 960px" /></figure></div>



<hr class="wp-block-separator has-alpha-channel-opacity"/>



<div class="wp-block-media-text alignwide is-stacked-on-mobile" style="grid-template-columns:31% auto"><figure class="wp-block-media-text__media"><img decoding="async" width="960" height="640" src="https://atelier-sylvainpetit.com/wp-content/uploads/2023/02/belgium-3626586_960_720.jpeg" alt="" class="wp-image-367 size-full" srcset="http://atelier-sylvainpetit.com/wp-content/uploads/2023/02/belgium-3626586_960_720.jpeg 960w, http://atelier-sylvainpetit.com/wp-content/uploads/2023/02/belgium-3626586_960_720-300x200.jpeg 300w, http://atelier-sylvainpetit.com/wp-content/uploads/2023/02/belgium-3626586_960_720-768x512.jpeg 768w, http://atelier-sylvainpetit.com/wp-content/uploads/2023/02/belgium-3626586_960_720-390x260.jpeg 390w, http://atelier-sylvainpetit.com/wp-content/uploads/2023/02/belgium-3626586_960_720-520x347.jpeg 520w, http://atelier-sylvainpetit.com/wp-content/uploads/2023/02/belgium-3626586_960_720-740x493.jpeg 740w" sizes="(max-width: 960px) 100vw, 960px" /></figure><div class="wp-block-media-text__content">
<p class="has-text-color has-medium-font-size" style="color:#4b4949">En 2019, l’atelier prend ses quartiers dans la ville de Narbonne. Sylvain PETIT poursuit la fabrication des violons &amp; altos, et noue un partenariat avec la lutherie Bruxelloise, en Belgique. Commence alors des allés-retours entre Narbonne et Bruxelles. Il apprend ici l’efficacité et la rigueur, se focalisant uniquement sur la création de violoncelles. Il y apprend le savant mélange entre expressivité artistique de l’instrument, texture du bois et rigueur de conception mécanique.</p>
</div></div>



<hr class="wp-block-separator has-alpha-channel-opacity"/>



<div class="wp-block-media-text alignwide has-media-on-the-right is-stacked-on-mobile" style="grid-template-columns:auto 29%"><div class="wp-block-media-text__content">
<p class="has-text-color has-medium-font-size" style="color:#434343">Présentement, l’atelier implanté à Narbonne produit des instruments&nbsp; locaux pour les musiciens internationaux et propose un «&nbsp;outil &amp; objet d’art&nbsp;» à même de satisfaire le musicien le plus exigeant. Il se penche sur une conception et une technique de création proche à ce qui fût employé durant l’âge d’or Crémonais.</p>
</div><figure class="wp-block-media-text__media"><img decoding="async" width="960" height="640" src="https://atelier-sylvainpetit.com/wp-content/uploads/2023/02/narbonne-1522705_960_720-1.jpeg" alt="" class="wp-image-369 size-full" srcset="http://atelier-sylvainpetit.com/wp-content/uploads/2023/02/narbonne-1522705_960_720-1.jpeg 960w, http://atelier-sylvainpetit.com/wp-content/uploads/2023/02/narbonne-1522705_960_720-1-300x200.jpeg 300w, http://atelier-sylvainpetit.com/wp-content/uploads/2023/02/narbonne-1522705_960_720-1-768x512.jpeg 768w, http://atelier-sylvainpetit.com/wp-content/uploads/2023/02/narbonne-1522705_960_720-1-390x260.jpeg 390w, http://atelier-sylvainpetit.com/wp-content/uploads/2023/02/narbonne-1522705_960_720-1-520x347.jpeg 520w, http://atelier-sylvainpetit.com/wp-content/uploads/2023/02/narbonne-1522705_960_720-1-740x493.jpeg 740w" sizes="(max-width: 960px) 100vw, 960px" /></figure></div>



<hr class="wp-block-separator has-alpha-channel-opacity"/>



<div class="wp-block-media-text is-stacked-on-mobile" style="grid-template-columns:27% auto"><figure class="wp-block-media-text__media"><img decoding="async" width="1024" height="666" src="https://atelier-sylvainpetit.com/wp-content/uploads/2025/06/503756754_18292482958247206_5284608518680136727_n-1-1024x666.jpg" alt="" class="wp-image-700 size-full" srcset="http://atelier-sylvainpetit.com/wp-content/uploads/2025/06/503756754_18292482958247206_5284608518680136727_n-1-1024x666.jpg 1024w, http://atelier-sylvainpetit.com/wp-content/uploads/2025/06/503756754_18292482958247206_5284608518680136727_n-1-300x195.jpg 300w, http://atelier-sylvainpetit.com/wp-content/uploads/2025/06/503756754_18292482958247206_5284608518680136727_n-1-768x500.jpg 768w, http://atelier-sylvainpetit.com/wp-content/uploads/2025/06/503756754_18292482958247206_5284608518680136727_n-1-520x338.jpg 520w, http://atelier-sylvainpetit.com/wp-content/uploads/2025/06/503756754_18292482958247206_5284608518680136727_n-1-740x482.jpg 740w, http://atelier-sylvainpetit.com/wp-content/uploads/2025/06/503756754_18292482958247206_5284608518680136727_n-1.jpg 1440w" sizes="(max-width: 1024px) 100vw, 1024px" /></figure><div class="wp-block-media-text__content">
<p><strong>L&#8217;atelier entame une nouvelle phase de développement : </strong></p>



<p>Dans ce projet futur, il se recentrera pleinement sur la rechercher et la fabrication, au sein d&#8217;un site situé en plein cœur du Minervois, propice à la création. Un espace pédagogique y sera aménagé afin de permettre au public de découvrir le fonctionnement d&#8217;un atelier en activité. Ce lieu accueillera également d&#8217;autres initiatives à vocation culturelle, éducatives et alternatives. </p>



<p>Nous aurons le plaisir de vous en partager les avancées courant 2026 ! </p>
</div></div>



<p></p>

<p>Sylvain PETIT, né dans les montagnes Cévenoles&nbsp; en 1993, grandit au milieu des arbres et se passionne très vite pour la pratique instrumentale. Suite à son baccalauréat en Littérature, il se dirige en 2011 vers<a class="read-more" href="http://atelier-sylvainpetit.com/index.php/parcours-partenariats/">Continue reading</a></p>
